(-7 + 1). Suppose o = i - 10. Calculate the remainder when i is divided by 13.
12
Let w = -8 - 0. Let s = w + 13. Suppose s*j - 4*p = j + 20, -p = 4*j - 40. Calculate the remainder when j is divided by 5.
4
Suppose 7 = 2*s - 9. What is the remainder when 12 is divided by s?
4
Suppose -10 = -3*z + 5*c, 4*c - 5 = -z + 21. Let g = 73 + -39. Let i = -5 + g. Calculate the remainder when i is divided by z.
9
Suppose -2 - 2 = -4*c. Let p(r) = r**2 - 3*r - 3. What is the remainder when c is divided by p(4)?
0
Let t be (-2)/9 + (-3356)/(-36). Suppose -5*h + 2*h + t = 0. What is the remainder when h is divided by 11?
9
Suppose 2*v + 4 = -2*n, 4*n - v - 2 = -0. Suppose n = -d + 3 + 2. Suppose -u - 5 = 4*o, -7*u + 6 = -3*u + 3*o. Calculate the remainder when d is divided by u.
2
Let w = -4 + 9. Suppose -w*n + 16 = 1. Calculate the remainder when 4 + (0 - 0)/1 is divided by n.
1
Let g(o) = 23*o**2 + 2*o + 1. What is the remainder when g(-1) is divided by 5?
2
Suppose -4*d + 253 = c, -175 = -5*d + 3*c + 120. What is the remainder when d is divided by 21?
20
Suppose 3*u - 3*t - 75 = 0, -4*u = 2*t - 7*t - 99. Suppose 4 = 2*f - u. Calculate the remainder when 58 is divided by f.
13
Suppose -30 = -2*k - 0*k. Calculate the remainder when 100 is divided by k.
10
Suppose 0 = -0*r - 2*r + 58. Suppose 2*g - 5*x - 5 - 1 = 0, -5*g - 4*x = -48. What is the remainder when r is divided by g?
5
Suppose 5*c + 18 - 43 = 0. Suppose -65 = c*y - 3*g - 2*g, 4*g = -3*y - 4. Calculate the remainder when 24/(-9)*60/y is divided by 7.
6
Let m = 43 + -40. What is the remainder when m is divided by 1?
0
Suppose -50 = -3*m - 2*m. What is the remainder when 67 is divided by m?
7
Let f be ((-2)/(-5))/((-3)/30). Let j = 21 - f. Calculate the remainder when 23 is divided by ((-60)/j)/(3/(-10)).
7
Let z(q) = q**2 - q + 28. Calculate the remainder when 55 is divided by z(0).
27
Suppose 5*x + 2 = 3*u - 18, 5*x + 20 = 0. Let d be (1 - (0 + u)) + 1. Let l(z) = z**3 - 3*z + 1. Calculate the remainder when 7 is divided by l(d).
1
Suppose -3*x + 9 + 0 = 0. Suppose 0 = -5*p - 2*f + 11, -x*p = p + 3*f - 6. What is the remainder when p is divided by 2/6 - 2/(-3)?
0
Let k = -58 + 76. Calculate the remainder when 88 is divided by k.
16
Let g = -19 + 40. Calculate the remainder when 4/(-14) + 550/14 is divided by g.
18
Suppose 0 = 6*m - 18 - 0. Let v(k) = 17*k + 2. Let o be v(4). Suppose -m*x - 2*x + o = 0. Calculate the remainder when x is divided by 5.
4
Suppose -3*d = 2*d - 10. Let b(g) = -2*g + g**3 + 8*g - g + 9*g**d + 2*g. Calculate the remainder when 14 is divided by b(-8).
6
Let i(n) = n**2 - 2*n + 1. Let s be i(1). Suppose -3*f + 3 + 3 = s. Calculate the remainder when f is divided by (9/(-6))/(12/(-16)).
0
Let p(r) = r**2 + r. Let c(u) = 7*u**2 + 5*u - 4. Let i(q) = c(q) - 6*p(q). What is the remainder when 15 is divided by i(4)?
7
Suppose b + 9 = 2*b. Calculate the remainder when b is divided by 6.
3
Suppose -9 = -3*d + 126. What is the remainder when d is divided by 12?
9
Let y(o) = 2*o + 35. Calculate the remainder when y(0) is divided by 19.
16
Let q(c) = -c + 10. Let g(y) = y**2 - 4*y + 31. Let z(l) = 2*g(l) - 7*q(l). What is the remainder when z(6) is divided by 30?
28
Let b(s) = -s**3 + 7*s**2 - 4*s + 1. What is the remainder when 38 is divided by b(6)?
12
Let d(a) = a + 1. Let t be d(-8). Let j = t + 12. Suppose 2 = j*k - 3, -4*w + 48 = -4*k. Calculate the remainder when w is divided by 7.
6
Suppose 7*n - 5*n + 1 = -3*v, -4*v + 4*n + 32 = 0. Calculate the remainder when v is divided by 1.
0
Let w = -123 + 130. Suppose s - 5*t + 67 = 5*s, s - 19 = t. What is the remainder when s is divided by w?
4
What is the remainder when 111 is divided by 25 - (-15)/((-5)/(-1))?
27
Let s be (0/2 + 2)/1. Calculate the remainder when 48 is divided by -1 + s + 128/8.
14
Let k(j) = 2*j**2 - 2*j - 4. Calculate the remainder when k(5) is divided by 294/15 - 6/10.
17
Suppose 2*v = -2*n + 106, 0*v + 3*v = n - 61. Suppose -5*a = 5*c - n, 5*a - 21 - 18 = -c. What is the remainder when 27 is divided by a?
6
Let a = 93 - 62. Calculate the remainder when 60 is divided by a.
29
Let g be (6 - 7)/((-2)/44). Suppose k - 1 - g = 0. What is the remainder when k is divided by 13?
10
Suppose 2*b - 3*p - 15 = 0, -2*p - 15 = -5*p. What is the remainder when b is divided by 6?
3
Suppose 6 = -2*r + 38. What is the remainder when 46 is divided by r?
14
Suppose 3*g - 2*v + 0*v - 13 = 0, 4*g = -2*v + 8. Let a(r) = -r**2 - 10*r - 23. Calculate the remainder when g is divided by a(-6).
0
Suppose -3*h = 4 - 7. Let k(d) be the first derivative of 13*d**4/2 + d**2/2 - 1. What is the remainder when k(h) is divided by 14?
13
Suppose 2*l = 3*l - 3. Suppose -l*m = 5*c + 9 - 49, 5*m - 45 = -4*c. Let r(v) = 3*v**3 - v**2 + v. Calculate the remainder when m is divided by r(1).
2
Suppose 0 = -2*f + 5*m + 16, -4*m - 17 = -5*f + 2*f. Suppose f*t - 6 = t. What is the remainder when 31 is divided by ((-32)/12)/((-1)/t)?
7
Let k(g) = -5*g + 4. Let z(a) = 2*a**3 - 2*a**2 + a + 2. Let i(u) = 2*u. Let l be i(1). What is the remainder when k(-6) is divided by z(l)?
10
Let o = 11 - 3. Suppose o = r - 3. What is the remainder when r is divided by 6?
5
Suppose -51 = -6*w + 3*w. Calculate the remainder when w is divided by 11.
6
Let c(b) = b**2 + 9*b - 1. Suppose 3*g = 19 - 58. What is the remainder when c(g) is divided by 13?
12
Suppose -3*n + 2*n + 11 = 0. Calculate the remainder when 32 is divided by n.
10
Calculate the remainder when 5/(-1)*(-230)/25 is divided by 12.
10
Suppose -23 = -y + 3*h, -y + 15 = -0*y + 5*h. Calculate the remainder when y is divided by 11.
9
Let p(r) = 6*r**2 - r + 5. Suppose 25 = -3*m - 2*m. Let j be p(m). Suppose 0 = -5*v + 2*u + j, 17 = -5*u - 8. Calculate the remainder when v is divided by 16.
14
Suppose 3*h - 3 = 0, 2*h + 22 + 12 = 3*p. Let q = 46 - 1. What is the remainder when q is divided by p?
9
Let q be (-2)/7 - (-86)/7. Suppose -q = 2*b - 3*b. What is the remainder when 23 is divided by b?
11
Calculate the remainder when 1/(-6) + (-268)/(-24) is divided by 7.
4
Suppose a - 23 = -4*m, 2*m - 35 = -5*a + 44. Let f = 13 + a. Suppose 3*d = -i + 42, -d + 3*d - 18 = -4*i. Calculate the remainder when f is divided by d.
13
Let i = -1 - -14. Suppose 2*c = i + 7. What is the remainder when c is divided by 3?
1
Let r(v) = -v**2 - 7*v - 2. Suppose 6*y - 59 = 55. What is the remainder when y is divided by r(-4)?
9
Let l(f) = -27*f + 1. Let i be l(-1). Let j = i + -16. Suppose 0 = 2*z + 3*p - 43, -5*p = -2*z - 3*p + 48. What is the remainder when z is divided by j?
11
Let t(f) = 499 - 499 + f. Suppose o + 2*d = 11, -10 = -4*o - 5*d + 22. What is the remainder when 6 is divided by t(o)?
0
Suppose -2*z + 15 = -9. Calculate the remainder when 23 is divided by z.
11
Suppose -b - b + 22 = 0. Suppose -29 + 95 = 4*t - 5*y, 3*y - 101 = -5*t. What is the remainder when t is divided by b?
8
Suppose -5*v - 30 = -d - 88, 3*v - 26 = 5*d. Suppose 2*m - v = 38. Calculate the remainder when 48 is divided by m.
23
Let v(c) = -c + 8. Let z(m) = 2*m - 23. Let b(a) = -8*v(a) - 3*z(a). Calculate the remainder when b(9) is divided by 13.
10
Let m(s) = s - 1. What is the remainder when 12 is divided by m(7)?
0
Let g = 4 + -4. Suppose g*x + 4*x - 80 = 0. Calculate the remainder when 39 is divided by x.
19
Let g(f) = f**3 - f + 1. Let z be g(-2). Calculate the remainder when 43 is divided by (-16 - z)/(1/(-1)).
10
Suppose 6*q = 3*q + 12. Let w be 21/6*8/q. Suppose -170 = -w*l + 2*l. What is the remainder when l is divided by 12?
10
Suppose -2*l - 3*a + 33 = 0, 4*a - 49 = -3*l - 0*l. Let z(v) = -2*v + 1. Let g be z(4). Let u(d) = -3*d + 8. What is the remainder when u(g) is divided by l?
14
Suppose -18*p + 569 = 119. What is the remainder when (-48 - 0)*(-1 - 0) is divided by p?
23
Calculate the remainder when 6/(-18)*-353 + 4/(-6) is divided by 17.
15
Suppose 0 = -0*t - 3*t + 153. Let a = 36 + -23. Calculate the remainder when t is divided by a.
12
Let x(m) = -m**3 + 5*m**2 + 4*m - 3. What is the remainder when 48 is divided by x(5)?
14
What is the remainder when (174/(-10))/((-9)/45) is divided by 18?
15
Suppose 2*l + 31 = 5*a, -2*a + 7*a - 16 = -3*l. Suppose 0 = 5*z + 2*o - 53, 0 = -z + 2*z - o - a. What is the remainder when z is divided by 3?